Is 4461395199 a composite number?
True
Is 378662287 prime?
False
Is 19208845349 a prime number?
True
Is 82118849 prime?
True
Is 12858932089 a prime number?
False
Is 177370336817 a composite number?
False
Is 22804753967 composite?
True
Is 202042949951 a composite number?
False
Is 1231147967 a prime number?
False
Is 61060058147 composite?
True
Is 14004500827 a composite number?
True
Is 8290892591 a prime number?
False
Is 100371268663 a prime number?
True
Is 30311935831 a composite number?
False
Is 3718292093 prime?
False
Is 8649056059 a prime number?
False
Is 40740496133 prime?
False
Is 4263389563 a composite number?
False
Is 27869164649 prime?
False
Is 705508471 a prime number?
True
Is 47954071301 a composite number?
True
Is 28709806865 a prime number?
False
Is 12292578929 a composite number?
True
Is 1334706887 prime?
False
Is 556793257 composite?
True
Is 23859581 a composite number?
True
Is 5637097 composite?
True
Is 3407405531 a prime number?
False
Is 179886568313 a composite number?
False
Is 8056946311 prime?
True
Is 9384172871 prime?
False
Is 108125417 a prime number?
True
Is 3245609123 composite?
True
Is 3336490613 composite?
False
Is 12631030859 prime?
False
Is 16435348219 prime?
True
Is 566274787 prime?
False
Is 2699296471 a prime number?
True
Is 26826719257 a prime number?
False
Is 1966128193 composite?
True
Is 1079640461 prime?
True
Is 3934233137 a composite number?
False
Is 12254783 a prime number?
True
Is 1162178419 a composite number?
False
Is 133646507 a prime number?
False
Is 49577625887 composite?
False
Is 67905918371 a composite number?
True
Is 177986628889 a prime number?
True
Is 2066583571 a composite number?
True
Is 8060974673 a composite number?
False
Is 429348947 prime?
False
Is 89709455357 composite?
True
Is 4119030869 composite?
True
Is 4672572779 composite?
True
Is 44019727049 a prime number?
True
Is 1484595269 a composite number?
False
Is 227806363 prime?
True
Is 25132030613 composite?
True
Is 13073537839 a composite number?
False
Is 746362887 prime?
False
Is 251376221 a prime number?
True
Is 2589766143 a prime number?
False
Is 571900207 composite?
True
Is 25307449955 a composite number?
True
Is 55778638 prime?
False
Is 148331969 composite?
False
Is 29575336073 a composite number?
False
Is 10425998411 prime?
True
Is 4187110627 composite?
True
Is 2516928445 composite?
True
Is 2040612091 a prime number?
False
Is 555008591 a prime number?
True
Is 8421704737 a prime number?
True
Is 1715785627 a prime number?
False
Is 1550045597 prime?
True
Is 90601380169 a composite number?
True
Is 8008433621 composite?
True
Is 894898957 prime?
True
Is 2974195381 prime?
False
Is 7344960809 composite?
False
Is 633880943 a composite number?
True
Is 1499879627 prime?
False
Is 294284640227 composite?
False
Is 2130997133 prime?
False
Is 202330697 a composite number?
False
Is 81885101 prime?
True
Is 32502238999 prime?
True
Is 1325600209 a prime number?
False
Is 191214677 composite?
False
Is 343544837 prime?
True
Is 18906402953 a composite number?
False
Is 1655653 composite?
False
Is 3193372282 prime?
False
Is 1162973611 a prime number?
False
Is 235497511 composite?
False
Is 4129460107 a composite number?
True
Is 2055798538 a composite number?
True
Is 49777200757 prime?
True
Is 151297200173 a prime number?
False
Is 221787221 a composite number?
True
Is 30589432739 prime?
True
Is 26217286957 a composite number?
True
Is 138340243 a composite number?
True
Is 2254862999 composite?
True
Is 996198809 composite?
False
Is 48589335307 prime?
True
Is 32659849577 a composite number?
True
Is 30508919905 composite?
True
Is 67254293467 a prime number?
False
Is 495962189 a composite number?
True
Is 4753419049 a composite number?
False
Is 8525512159 prime?
False
Is 220044173 prime?
True
Is 3406259 a prime number?
True
Is 1228026967 prime?
True
Is 14108597869 a composite number?
False
Is 448515713 composite?
False
Is 11465945627 a prime number?
True
Is 1591992221 prime?
False
Is 99963779863 prime?
False
Is 505274927 a prime number?
True
Is 151302796471 prime?
False
Is 1431193955 prime?
False
Is 36845478473 composite?
False
Is 328121207 composite?
True
Is 1082094635 prime?
False
Is 407672191 composite?
False
Is 127001593 a composite number?
False
Is 8490487 a composite number?
False
Is 3469095299 a composite number?
False
Is 133881971 a prime number?
True
Is 1711253573 a composite number?
True
Is 40496560981 a prime number?
True
Is 8487054871 prime?
True
Is 2777588137 a composite number?
False
Is 123241063 a composite number?
True
Is 1261273631 a composite number?
True
Is 100374450401 composite?
False
Is 66017467757 composite?
True
Is 640188761 composite?
True
Is 66926143 composite?
True
Is 864055267 a prime number?
False
Is 14367881497 composite?
True
Is 1305467543 prime?
True
Is 40577921 a prime number?
True
Is 845338049 a composite number?
True
Is 54432437699 a composite number?
False
Is 16438435329 prime?
False
Is 30972989165 a prime number?
False
Is 1744445663 prime?
True
Is 3051700031 a prime number?
True
Is 126667666 prime?
False
Is 13759209071 a composite number?
True
Is 15933716087 composite?
True
Is 32265467191 a composite number?
False
Is 437694573 composite?
True
Is 7299164289 prime?
False
Is 56796898931 a composite number?
False
Is 7780871873 a composite number?
True
Is 17465901853 composite?
True
Is 6301350553 a prime number?
True
Is 7890545813 a composite number?
True
Is 4659068033 a composite number?
True
Is 3910942271 prime?
True
Is 1343975471 composite?
True
Is 9362206379 composite?
True
Is 9055168079 prime?
True
Is 109856687117 a prime number?
False
Is 15938298503 a composite number?
False
Is 3758350807 a composite number?
False
Is 164430411851 prime?
True
Is 25476528751 composite?
True
Is 5236322497 a composite number?
True
Is 5050897923 a prime number?
False
Is 37756457363 a prime number?
False
Is 674326337 a prime number?
True
Is 50836871459 composite?
True
Is 174873233 prime?
False
Is 27798458287 a composite number?
False
Is 22754516761 prime?
False
Is 4638583 a composite number?
False
Is 2419637009 prime?
False
Is 5877870293 a composite number?
False
Is 2163570833 a composite number?
False
Is 49475159691 a prime number?
False
Is 3748740181 a prime number?
True
Is 4475981969 a composite number?
True
Is 3958641179 prime?
False
Is 22638610681 composite?
True
Is 3551892637 a prime number?
False
Is 61159838477 composite?
False
Is 227012393 composite?
False
Is 182073568037 prime?
True
Is 4000447459 a composite number?
False
Is 29841554 a prime number?
False
Is 1034719031 composite?
False
Is 1834564463 a composite number?
False
Is 867884065 a prime number?
False
Is 41470398679 a prime number?
False
Is 10605044257 prime?
True
Is 2411195587 prime?
True
Is 645035341 prime?
True
Is 578645999 prime?
False
Is 557543113 composite?
True
Is 13279573 prime?
False
Is 89508660931 a prime number?
True
Is 736883809 composite?
True
Is 2343374191 a prime number?
True
Is 65023992503 a prime number?
False
Is 6644734769 prime?
True
Is 2327007701 prime?
True
Is 8043845297 composite?
False
Is 11547581963 composite?
True
Is 118013506957 a composite number?
True
Is 7562236111 composite?
False
Is 37985069 prime?
True
Is 896588963 prime?
False
Is 2047867831 a composite number?
False
Is 265659670213 a composite number?
True
Is 1991329141 a prime number?
False
Is 81688057103 a composite number?
False
Is 9773899 a composite number?
True
Is 8717268737 a composite number?
True
Is 85038801389 prime?
False
Is 1158203393 prime?
True
Is 6080640227 prime?
True
Is 10319930081 a prime number?
False
Is 23503825003 a prime number?
False
Is 25899269 a prime number?
False
Is 292224601 prime?
True
Is 5715576527 a prime number?
False
Is 19360436083 composite?
False
Is 6939246307 composite?
True
Is 67335130529 composite?
False
Is 70728073229 a composite number?
True
Is 42958752763 a composite number?
True
Is 18412005457 prime?
False
Is 5744813351 a prime number?
True
Is 27706475011 a prime number?
False
Is 945701321 a prime number?
False
Is 48314629117 a composite number?
False
Is 34224210323 a prime number?
True
Is 7459647191 prime?
True
Is 4577821561 a composite number?
False
Is 1351664329 prime?
True
Is 12656806607 a composite number?
True
Is 408445061 composite?
False
Is 6019905454 